208?
0
What is the hundreds digit of 1275978?
9
What is the thousands digit of 18697757?
7
What is the units digit of 2507556?
6
What is the ten thousands digit of 631383?
3
What is the hundred thousands digit of 540293?
5
What is the ten thousands digit of 590086?
9
What is the millions digit of 12088677?
2
What is the tens digit of 489630?
3
What is the thousands digit of 1274438?
4
What is the units digit of 8358868?
8
What is the hundreds digit of 610691?
6
What is the units digit of 9633432?
2
What is the hundred thousands digit of 413356?
4
What is the tens digit of 8138343?
4
What is the thousands digit of 296383?
6
What is the ten thousands digit of 3472334?
7
What is the thousands digit of 2355293?
5
What is the hundreds digit of 2071287?
2
What is the millions digit of 10996006?
0
What is the hundreds digit of 3734104?
1
What is the thousands digit of 775421?
5
What is the tens digit of 238142?
4
What is the thousands digit of 2808898?
8
What is the hundreds digit of 1181175?
1
What is the hundred thousands digit of 2002598?
0
What is the millions digit of 22906505?
2
What is the millions digit of 22364325?
2
What is the thousands digit of 6461234?
1
What is the thousands digit of 15079312?
9
What is the millions digit of 1121831?
1
What is the units digit of 2558011?
1
What is the units digit of 11891?
1
What is the units digit of 15733419?
9
What is the tens digit of 6390577?
7
What is the ten thousands digit of 21005?
2
What is the ten thousands digit of 65832?
6
What is the thousands digit of 40418?
0
What is the hundred thousands digit of 1774384?
7
What is the units digit of 4522923?
3
What is the millions digit of 20427656?
0
What is the hundreds digit of 4470022?
0
What is the millions digit of 6549316?
6
What is the units digit of 483924?
4
What is the units digit of 20302387?
7
What is the hundred thousands digit of 16530495?
5
What is the hundred thousands digit of 142487?
1
What is the thousands digit of 1591857?
1
What is the hundred thousands digit of 466220?
4
What is the tens digit of 471660?
6
What is the ten thousands digit of 964266?
6
What is the millions digit of 3801111?
3
What is the tens digit of 39739?
3
What is the ten thousands digit of 8823310?
2
What is the millions digit of 2889989?
2
What is the units digit of 245146?
6
What is the units digit of 442714?
4
What is the hundred thousands digit of 145516?
1
What is the tens digit of 1866923?
2
What is the ten thousands digit of 2481838?
8
What is the units digit of 3196221?
1
What is the millions digit of 12438799?
2
What is the hundred thousands digit of 697327?
6
What is the ten millions digit of 17101534?
1
What is the thousands digit of 417409?
7
What is the thousands digit of 4563891?
3
What is the hundred thousands digit of 23615756?
6
What is the ten thousands digit of 140256?
4
What is the tens digit of 113989?
8
What is the thousands digit of 43616?
3
What is the thousands digit of 613670?
3
What is the hundreds digit of 64277?
2
What is the tens digit of 4595603?
0
What is the ten thousands digit of 7044865?
4
What is the hundreds digit of 883546?
5
What is the hundreds digit of 82062?
0
What is the thousands digit of 3237661?
7
What is the ten thousands digit of 379338?
7
What is the millions digit of 2999214?
2
What is the thousands digit of 11464510?
4
What is the thousands digit of 1716973?
6
What is the tens digit of 3724603?
0
What is the hundreds digit of 88498?
4
What is the thousands digit of 296724?
6
What is the hundreds digit of 64069?
0
What is the millions digit of 6491196?
6
What is the ten thousands digit of 270673?
7
What is the millions digit of 35192036?
5
What is the tens digit of 6150532?
3
What is the tens digit of 28565?
6
What is the thousands digit of 357597?
7
What is the hundred thousands digit of 19403852?
4
What is the hundred thousands digit of 7539753?
5
What is the tens digit of 1008616?
1
What is the hundred thousands digit of 23650476?
6
What is the hundreds digit of 42165?
1
What is the hundred thousands digit of 168034?
1
What is the hundreds digit of 408315?
3
What is the tens digit of 512697?
9
What is the hundred thousands digit of 991893?
9
What is the thousands digit of 1548864?
8
What is the hundreds digit of 7108?
1
What is the hundreds digit of 2606242?
2
What is the ten thousands digit of 34628376?
2
What is the units digit of 3444413?
3
What is the thousands digit of 246047?
6
What is the units digit of 41486829?
9
What is the units digit of 953609?
9
What is the tens digit of 3345680?
8
What is the ten millions digit of 24880911?
2
What is the ten thousands digit of 226508?
2
What is the units digit of 5770499?
9
What is the units digit of 57797?
7
What is the tens digit of 1174875?
7
What is the thousands digit of 3645809?
5
What is the thousands digit of 21712542?
2
What is the hundred thousands digit of 282771?
2
What is the units digit of 44499?
9
What is the ten thousands digit of 1993671?
9
What is the ten thousands digit of 1293971?
9
What is the hundreds digit of 578609?
6
What is the ten thousands digit of 140003?
4
What is the tens digit of 992752?
5
What is the hundreds digit of 294016?
0
What is the thousands digit of 977421?
7
What is the ten thousands digit of 162230?
6
What is the thousands digit of 61939?
1
What is the thousands digit of 111997?
1
What is the tens digit of 1501837?
3
What is the hundreds digit of 257121?
1
What is the hundreds digit of 5674878?
8
What is the tens digit of 250826?
2
What is the hundred thousands digit of 384208?
3
What is the units digit of 987247?
7
What is the ten thousands digit of 227855?
2
What is the hundred thousands digit of 5094142?
0
What is the units digit of 320185?
5
What is the millions digit of 3516799?
3
What is the hundred thousands digit of 967772?
9
What is the ten thousands digit of 271508?
7
What is the hundreds digit of 39535770?
7
What is the hundred thousands digit of 207870?
2
What is the hundreds digit of 78652?
6
What is the hundred thousands digit of 2499915?
4
What is the thousands digit of 796893?
6
What is the millions digit of 2452976?
2
What is the tens digit of 321977?
7
What is the millions digit of 2938269?
2
What is the tens digit of 2115268?
6
What is the ten millions digit of 29024969?
2
What is the units digit of 15105490?
0
What is the thousands digit of 6917627?
7
What is the ten thousands digit of 15119?
1
What is the tens digit of 11181843?
4
What is the tens digit of 65978?
7
What is the millions digit of 1096777?
1
What is the ten thousands digit of 13579098?
7
What is the hundred thousands digit of 1520847?
5
What is the hundreds digit of 1877785?
7
What is the hundred thousands digit of 849503?
8
What is the hundred thousands digit of 931613?
9
What is the thousands digit of 42138?
2
What is the hundred thousands digit of 709255?
7
What is the ten thousands digit of 3644128?
4
What is the hundred thousands digit of 7113904?
1
What is the tens digit of 9957473?
7
What is the thousands digit of 12364?
2
What is the ten thousands digit of 2905891?
0
What is the hundreds digit of 113701?
7
What is the hundreds digit of 229789?
7
What is the ten thousands digit of 1949036?
4
What is the hundred thousands digit of 411936?
4
What is the hundred thousands digit of 3779163?
7
What is the thousands digit of 20918459?
8
What is the tens digit of 1117300?
0
What is the hundred thousands digit of 755658?
7
What is the hundreds digit of 13021360?
3
What is the hundred thousands digit of 240321?
2
What is the millions digit of 2620993?
2
What is the ten millions digit of 11841515?
1
What is the ten thousands digit of 247833?
4
What is the hundreds digit of 404303?
3
What is the thousands digit of 7238687?
8
What is the ten thousands digit of 8337965?
3
What is the hundreds digit of 1264130?
1
What is the units digit of 11480?
0
What is the units digit of 1244574?
4
What is the ten thousands digit of 159116?
5
What is the hundreds digit of 87609?
6
What is the ten thousands digit of 4858161?
5
What is the units digit of 95657?
7
What is the thousands digit of 6321203?
1
What is the thousands digit of 7720198?
0
What is the hundred thousands digit of 7022789?
0
What is the ten millions digit of 29342803?
2
What is th